{"id":264,"date":"2017-11-28T13:46:44","date_gmt":"2017-11-28T13:46:44","guid":{"rendered":"http:\/\/relaunch.lausitzer-bluetenlauf.de\/?page_id=264"},"modified":"2025-12-15T10:22:15","modified_gmt":"2025-12-15T10:22:15","slug":"anmeldung","status":"publish","type":"page","link":"https:\/\/www.lausitzer-bluetenlauf.de\/index.php\/anmeldung\/","title":{"rendered":"ANMELDUNG"},"content":{"rendered":"<section id=\"builder-section-text_11\" class=\"builder-section-first builder-section builder-section-text builder-section-last builder-text-columns-2\" style=\"background-size: cover; background-repeat: no-repeat;background-position: center center;\">\n<h3 class=\"builder-text-section-title\">\n        Anmeldung    <\/h3>\n<div class=\"builder-section-content\">\n<div class=\"builder-text-row\">\n<div class=\"builder-text-column builder-text-column-1\" id=\"builder-section-text_11-column-1\">\n<div class=\"builder-text-content\">\n<p>Liebe Sportlerinnen und Sportler. Die Anmeldung zum Lausitzer Bl\u00fctenlauf l\u00e4uft \u00fcber unseren Zeitnehmer bzw. Partner Baer-Service GmbH online unter <a href=\"https:\/\/baer-service.de\/anmeldung\/BLU\">baer-service.de\/anmeldung\/BLU<\/a><\/p>\n<p>Bitte w\u00e4hlen Sie dort die entsprechende Disziplin bzw. Strecke und f\u00fcllen Sie die Datenfelder mit Ihren Angaben.<\/p>\n<p>Voranmeldungen bis 02.05.2026 12.00 Uhr<br \/>unter <a href=\"https:\/\/baer-service.de\/anmeldung\/BLU\" target=\"_blank\" rel=\"noopener\">baer-service.de\/anmeldung\/BLU<\/a><\/p>\n<p>Empfang der Startunterlagen<br \/>in der 1. Oberschule Kamenz (Schulplatz 1)<br \/>am Veranstaltungstag ab 8.00 Uhr<\/p>\n<p>Nachmeldungen<br \/>auf dem Marktplatz ab 8.00 Uhr<br \/>und bis sp\u00e4testens 60 Minuten vor Wettkampfbeginn<br \/>(Duathlon 90 min.)<\/p>\n<\/p><\/div>\n<\/p><\/div>\n<div class=\"builder-text-column builder-text-column-2\" id=\"builder-section-text_11-column-2\">\n<div class=\"builder-text-content\">\n<p><strong> Baer-Service GmbH<\/strong><\/p>\n<p><a href=\"https:\/\/baer-service.de\/anmeldung\/BLU\"><img loading=\"lazy\" decoding=\"async\" class=\"alignnone wp-image-481\" src=\"https:\/\/www.lausitzer-bluetenlauf.de\/wp-content\/uploads\/2017\/12\/baer-service-1200x630-300x158.png\" alt=\"\" width=\"471\" height=\"248\" srcset=\"https:\/\/www.lausitzer-bluetenlauf.de\/wp-content\/uploads\/2017\/12\/baer-service-1200x630-300x158.png 300w, https:\/\/www.lausitzer-bluetenlauf.de\/wp-content\/uploads\/2017\/12\/baer-service-1200x630-1024x538.png 1024w, https:\/\/www.lausitzer-bluetenlauf.de\/wp-content\/uploads\/2017\/12\/baer-service-1200x630-768x403.png 768w, https:\/\/www.lausitzer-bluetenlauf.de\/wp-content\/uploads\/2017\/12\/baer-service-1200x630.png 1200w\" sizes=\"auto, (max-width: 471px) 100vw, 471px\" \/><\/a><\/p>\n<\/p><\/div>\n<\/p><\/div>\n<\/p><\/div>\n<\/p><\/div>\n<\/section>\n","protected":false},"excerpt":{"rendered":"<p>Anmeldung Liebe Sportlerinnen und Sportler. Die Anmeldung zum Lausitzer Bl\u00fctenlauf l\u00e4uft \u00fcber unseren Zeitnehmer bzw. Partner Baer-Service GmbH online unter baer-service.de\/anmeldung\/BLU Bitte w\u00e4hlen Sie dort die entsprechende Disziplin bzw. Strecke und f\u00fcllen Sie die Datenfelder mit Ihren Angaben. Voranmeldungen bis 02.05.2026 12.00 Uhrunter baer-service.de\/anmeldung\/BLU Empfang der Startunterlagenin der 1. Oberschule Kamenz (Schulplatz 1)am Veranstaltungstag ab &hellip;<\/p>\n","protected":false},"author":2,"featured_media":0,"parent":0,"menu_order":0,"comment_status":"closed","ping_status":"closed","template":"template-builder.php","meta":{"footnotes":""},"class_list":["post-264","page","type-page","status-publish","hentry"],"_links":{"self":[{"href":"https:\/\/www.lausitzer-bluetenlauf.de\/index.php\/wp-json\/wp\/v2\/pages\/264","targetHints":{"allow":["GET"]}}],"collection":[{"href":"https:\/\/www.lausitzer-bluetenlauf.de\/index.php\/wp-json\/wp\/v2\/pages"}],"about":[{"href":"https:\/\/www.lausitzer-bluetenlauf.de\/index.php\/wp-json\/wp\/v2\/types\/page"}],"author":[{"embeddable":true,"href":"https:\/\/www.lausitzer-bluetenlauf.de\/index.php\/wp-json\/wp\/v2\/users\/2"}],"replies":[{"embeddable":true,"href":"https:\/\/www.lausitzer-bluetenlauf.de\/index.php\/wp-json\/wp\/v2\/comments?post=264"}],"version-history":[{"count":16,"href":"https:\/\/www.lausitzer-bluetenlauf.de\/index.php\/wp-json\/wp\/v2\/pages\/264\/revisions"}],"predecessor-version":[{"id":1114,"href":"https:\/\/www.lausitzer-bluetenlauf.de\/index.php\/wp-json\/wp\/v2\/pages\/264\/revisions\/1114"}],"wp:attachment":[{"href":"https:\/\/www.lausitzer-bluetenlauf.de\/index.php\/wp-json\/wp\/v2\/media?parent=264"}],"curies":[{"name":"wp","href":"https:\/\/api.w.org\/{rel}","templated":true}]}}